third derivative of -a**6/720 - a**4/12 + a**2. Let f(o) be the second derivative of c(o). Suppose 3*h = -2*t + 23, 0*h = 5*t - 4*h. Give f(t).
-4
Let a = 7 + -6. Let p(u) = -7*u**3 + 2*u**2 + 4*u. Let y(c) = 7*c**3 - 3*c**2 - 5*c. Let d(j) = 4*p(j) + 3*y(j). What is d(a)?
-7
Let l(h) be the second derivative of 0 + 1/12*h**4 + h**2 + h + 1/2*h**3. What is l(-2)?
0
Let j(g) = -2*g - 28. Let d(b) = b - 1. Let k be d(6). Let y(a) = -a - 19. Let c(f) = k*j(f) - 7*y(f). Determine c(-5).
8
Suppose 0 = 5*g - 15 - 5. Suppose g*t - 45 + 17 = 0. Let x(m) = 3*m - 9. Let l(d) = -3*d + 10. Let s(b) = t*x(b) + 6*l(b). What is s(3)?
6
Suppose -3*z = -0 - 9. Let i(v) = 0 + 3 - 10*v**z + 6*v + 9*v**3 - 5*v**2. Calculate i(-6).
3
Let j be 1 - (7 + -2)*1. Let x(f) be the third derivative of f**5/60 + f**4/4 + 2*f**3/3 + 3*f**2. Determine x(j).
-4
Let y(k) = -69 - k - 5*k**2 - 4*k**3 + 5*k**3 + 68. Determine y(6).
29
Let d(n) = n**3 + 12*n**2 + 11*n - 6. Suppose 2*r + 25 = -3*g, -r = 2*r - 3*g + 30. Give d(r).
-6
Let o = -20 - -22. Let d(y) = 2*y**3 - y**2 - y - 2. Calculate d(o).
8
Suppose -3*i + 0*a = -4*a + 7, -5 = 5*i - 5*a. Let r(g) be the first derivative of g**4/4 - 2*g**3/3 - g**2/2 - g - 5. Calculate r(i).
5
Let p = -71 + 74. Let z(y) = -y - 2. What is z(p)?
-5
Let v(r) = -9*r**2 + r + 1. Suppose -3*i + 3*j = -2*j - 12, 0 = -2*i - j - 5. Determine v(i).
-9
Let n be (18/(-30))/((-2)/10). Let t(u) = u**2 - 3*u + 2. Determine t(n).
2
Let k(w) = -3*w + 1. Suppose -6 = -4*x + 38. Let g = -7 + x. Let f be 2/1*2/g. What is k(f)?
-2
Let j = 9 - 3. Suppose j = -5*t + 2*t. Let k(y) = y**3 + 3*y**2 + 2*y - 1. Give k(t).
-1
Let t(i) be the third derivative of -i**4/24 + i**3/6 - 4*i**2. Calculate t(-6).
7
Suppose 4*k = 7*k - 6. Let t(r) = -r**2 + 2*r. What is t(k)?
0
Let x(p) = -p**3 + 4*p**2 + 7*p - 3. Let b(c) = 9*c**2 + c - 1. Let j be b(1). Let m = j - 4. What is x(m)?
7
Let t(o) be the second derivative of 2*o + 1/3*o**3 - 1/10*o**5 - 1/12*o**4 - 1/2*o**2 + 0. Let j be t(1). Let f(d) = -2*d - 2. Determine f(j).
2
Suppose -h = -5*l - 22, -h - 4*h - l + 6 = 0. Let v(j) = -2*j**3 + j**3 + 7*j - h*j + 3 + 4*j**2. Determine v(5).
3
Let c(l) = 8*l**2 - 5*l + 11. Suppose -3*n - 2*k + 4 = -6*n, 5*k + 20 = 0. Let q(g) = 4*g**2 - 2*g + 5. Let o(v) = n*c(v) + 9*q(v). Give o(-1).
3
Let b = 0 - 0. Suppose 4*m - 11 = y, -4*m - y = -0*y - 13. Let n(u) = u**2 - u. Let o(i) = 4*i**2 - 3*i + 7. Let z(w) = m*n(w) - o(w). Calculate z(b).
-7
Let y(i) = i**3 + 9*i**2 - 12*i - 25. Let j be y(-10). Let k(f) = -2 - 5*f - 4 + 4*f**2 + f**3 + 0*f**3. Determine k(j).
-6
Let n = -295 + 293. Let y(w) = -9*w**2 - 13*w - 7. Let d(j) = -5*j**2 - 7*j - 4. Let s(a) = -11*d(a) + 6*y(a). Give s(n).
8
Let t = -5 - -4. Let m be 2/(-4)*(t + -9). Let s(r) = -r - 6. Let a(d) = d + 1. Let g(q) = -3*a(q) - s(q). Give g(m).
-7
Suppose -36 = 7*w - w. Let i(o) = o**3 + 7*o**2 + 6*o - 2. Calculate i(w).
-2
Let i = -2 + 5. Let l = 8 - 5. Let t(m) = 3 - 2*m**3 - 3*m + 3*m**l + 0*m**3 - 2*m**2. Determine t(i).
3
Suppose -28 = 2*y - 0*y. Let l = -15 - y. Let g(b) = 2*b + 1. What is g(l)?
-1
Let l be (-3)/(3/(-18)*-2). Let c(b) = b + 4. Let m be c(l). Let a(w) = 4*w + 3. Let s(p) = 7*p + 5. Let y(g) = m*a(g) + 3*s(g). Determine y(5).
5
Let n = 17 - 16. Let j(p) = 12*p**2 - 2*p + 1. Give j(n).
11
Let s(m) be the third derivative of -m**8/20160 + m**7/630 - m**6/144 - m**5/30 - m**2. Let i(b) be the third derivative of s(b). What is i(5)?
10
Let a(f) = f**3 + 4*f**2 - 2*f - 4. Let i = -15 - -43. Suppose i - 8 = -5*x. Give a(x).
4
Let q be 4/(-10) - (-4)/10. Let g(u) be the third derivative of -u**9/60480 - u**6/120 - u**5/30 + 3*u**2. Let y(h) be the third derivative of g(h). Give y(q).
-6
Let n(j) = -j**2 + 2. Suppose 0 = -v - 2*v - 2*z - 21, 4*v = -5*z - 28. Let d = 9 + v. Suppose -h + 7 = 3*f - d, 5*h = f - 19. Calculate n(h).
-7
Let t(s) = 3*s**2 + 14*s - 4. Let u(f) = -7*f**2 - 29*f + 7. Let z(r) = 9*t(r) + 4*u(r). Determine z(8).
8
Let o(i) = 0 - 3 + 1 - 4*i - 3*i**2. Let j be (-9)/(-15) + (-1)/(-10)*-26. Give o(j).
-6
Suppose 20*y + 6 = 22*y. Let d(t) = -3*t**2 + 2*t - 3. Let v(h) = -13*h**2 + 8*h - 13. Let p(l) = -9*d(l) + 2*v(l). Calculate p(y).
4
Let t(d) = -6*d**3 + d**2 - 7*d + 2. Let s(z) = -5*z**3 - 6*z + 1. Let i(o) = 5*s(o) - 4*t(o). Calculate i(-4).
5
Let h(g) = -g**3 - 7*g**2 - 5*g. Let d(n) = 2*n**2 - n - 4. Let k be d(4). Suppose 4*i + 0 = -k. Give h(i).
-6
Let l = -9 - -16. Let u(g) = g - 10. Calculate u(l).
-3
Suppose 7 = -3*m - 20. Let f(h) = h + 3. Give f(m).
-6
Let g(j) = 13*j**3 - 2*j**2 + j. Let w be (-6*1/(-2))/3. Determine g(w).
12
Let b(q) = -q**2 + 5*q + 4. Let l be b(5). Suppose -5*w + l*w = -2. Let u(v) = -1 + v**2 + 2*v**2 + 0*v**w. Calculate u(-2).
11
Let f(z) = -3*z**3 + 1 - 4*z**2 - 4*z - 5 + 4*z**3. Let k be (-2)/(-23) - (2040/184 - 16). Determine f(k).
1
Suppose v - 6*v = 0. Let l = 3 + v. Suppose l*b + 1 = -14. Let n(t) = -t**2 - 5*t + 5. What is n(b)?
5
Let s(t) = -5*t - 5. Let m(n) = -6*n - 6. Suppose 15 = l - 5*b - 4, -1 = -l - b. Let j(h) = l*m(h) - 5*s(h). Suppose d + 2 = -d. Calculate j(d).
0
Let n(u) = 3*u**2 - 2*u + u**3 + 0*u**2 + u**2 - u + 1. Determine n(-4).
13
Let h(a) = -a**2 + 3. Let g be 0/(0/3 - 2). Let w be h(g). Let l(k) = 2 - 4 + 3*k - k. What is l(w)?
4
Let w(z) be the third derivative of z**4/12 + z**3/6 + 14*z**2. Calculate w(-1).
-1
Let o(q) = q**2 - 5*q + 5. Let p(s) be the third derivative of 0*s + 0 + 4*s**2 + 1/12*s**4 - 3/2*s**3. Let v be p(7). Give o(v).
5
Let j(o) = -3*o + 10. Let a be 5/(50/(-35))*(0 - 2). Give j(a).
-11
Let a(q) be the third derivative of q**6/60 + q**5/60 - q**4/24 - 2*q**2. Suppose -2*n + 5*n - 2*x + 7 = 0, 5*x - 24 = n. Give a(n).
2
Let p = 1 + 3. Let g(r) = 4*r - 1. Let l(f) = 5*f - 2. Let n(s) = -4*g(s) + 3*l(s). Give n(p).
-6
Let t(y) = -5*y + y**3 - 6*y**2 - y + y - 2*y - 7. Give t(7).
-7
Let a(l) be the first derivative of -l**4/12 - l**3/6 - l**2/2 - 3*l - 3. Let x(u) be the first derivative of a(u). Let y be (-2)/3 + (-3)/9. Calculate x(y).
-1
Let u(i) = -i**2 - 4*i - 1. Suppose -2*n + 36 = -0*n. Suppose 3*k + z - 2*z = 6, 5*z = 3*k - n. Suppose -6 + k = l. Give u(l).
-6
Let m(q) = -q - 1. Let o be m(-3). Let w(h) be the first derivative of 1/2*h**2 + 2*h - 1/4*h**4 + 2/3*h**3 + 2. Give w(o).
4
Suppose -i = 3*u + 6 + 9, 0 = 4*i - 4*u - 4. Let k(j) = -j**3 - 3*j**2 + 3*j + 1. Calculate k(i).
-8
Let h(d) be the first derivative of -d**4/4 + 2*d**3/3 + d**2 + 3*d - 45. Determine h(4).
-21
Let h(i) = i**3 - 7*i**2 - 3. Suppose -6*l = -0 + 54. Let r = l + 16. Calculate h(r).
-3
Let o = 166 + -78. Let r(j) = -44*j + o*j - 40*j. Let q(d) = -d**2 + 2*d + 5. Let b be q(4). Calculate r(b).
-12
Let s be ((-6)/21)/((-4)/28). Let i(l) = -16*l + 30. Let h(q) = 3*q - 6. Let u(z) = s*i(z) + 11*h(z). Calculate u(3).
-3
Let x be (-2 - -5) + 1 + 6. Let l(i) = i - 13. Determine l(x).
-3
Let x(w) = -w**2 + 7*w - 9. Let k(j) = j**2 + 7*j + 6. Let z = -1 + -6. Let o be k(z). Determine x(o).
-3
Let f(u) = 63*u - 6*u**2 + 62*u - 1 - 127*u. Let w(v) = -v**3 + 3*v**2 + 5*v - 4. Let a be w(4). Suppose 2 = -a*x - 2*x. Determine f(x).
-5
Let p(a) be the third derivative of -a**6/40 - a**3/6 - 7*a**2. What is p(1)?
-4
Let f(g) be the second derivative of -g**5/20 - g**4/6 - g**3/6 - g**2 + 6*g. Determine f(-2).
0
Suppose 0 = -11*y + 46 - 2. Let c(w) = w**2 + 4. Calculate c(y).
20
Let c(r) be the third derivative of r**5/40 - r**4/12 + r**3/2 - 5*r**2. Let v(u) be the first derivative of c(u). Calculate v(3).
7
Let a(v) = v**2 - 15*v + 10. Let o be a(14). Let k(p) = 7*p**3 + 9*p**2 + p - 7. Let g(l) = -6*l**3 - 8*l**2 + 6. Let r(y) = 6*g(y) + 5*k(y). Give r(o).
-3
Suppose -3*w - 5*q = -2*q + 21, 0 = -w - 3*q - 9. Let k(c) = 0 + 2 + 2*c + c**2 + 5*c. What is k(w)?
-4
Let j(r) be the second derivative of -r**7/2520 + r**6/144 + 7*r**5/120 + r**4/6 + 4*r. Let l(q) be the third derivative of j(q). Determine l(5).
7
Let o(t) = -t**3 + 2 + 0 + 3*t**2 + 4*t + t**2 + 0*t**2. Calculate o(5).
-3
Let k(p) = 27 - p**2 - 5*p - 6 + 0*p**2 - 15. Give k(-7).
-8
Suppose 4*z - 3*w - 3 = 2*w, -4*z - 4*w - 24 = 0. Let n = z + 2. Let v(c) = -6*c - 13 + 21 + 3*c - 9. What is v(n)?
2
Let j(c) = -c**3 + 20*c**2 - 4 - 4*c + 2 - 14*c**2 + 0*c**3. Give j(5).
3
Let z(b)